{"id":245,"date":"2022-10-04T13:24:15","date_gmt":"2022-10-04T10:24:15","guid":{"rendered":"http:\/\/www.etametal.com\/eta\/?post_type=product&#038;p=245"},"modified":"2022-10-04T13:24:21","modified_gmt":"2022-10-04T10:24:21","slug":"kompost-makinasi","status":"publish","type":"product","link":"http:\/\/www.etametal.com\/eta\/product\/kompost-makinasi\/","title":{"rendered":"KOMPOST MAK\u0130NASI"},"content":{"rendered":"<p>Firmam\u0131zca %100 yerli ve milli olarak \u00fcretimi ger\u00e7ekle\u015ftiren kompost makinam\u0131z yemek \u00f6ncesi olu\u015fan organik g\u0131da at\u0131klar\u0131n\u0131n (patates kabu\u011fu, so\u011fan kabu\u011fu, domates, biber, meyve vb.) kompost (toprak \u015fartland\u0131r\u0131c\u0131-iyile\u015ftirici) \u015fekline d\u00f6n\u00fc\u015f\u00fcm\u00fcn\u00fc sa\u011flamaktad\u0131r.<\/p>\n<p>TEKN\u0130K VER\u0130LER<\/p>\n<p>En\u00a0 \u00a0 \u00a0 \u00a0 \u00a0 \u00a0 \u00a0 \u00a0 \u00a0 \u00a0 \u00a0 \u00a0 \u00a0: 1280 mm<\/p>\n<p>Boy\u00a0 \u00a0 \u00a0 \u00a0 \u00a0 \u00a0 \u00a0 \u00a0 \u00a0 \u00a0 \u00a0\u00a0: 5240 mm<\/p>\n<p>Y\u00fckseklik\u00a0 \u00a0 \u00a0 \u00a0 \u00a0 \u00a0 \u00a0: 1600 mm*<\/p>\n<p>(*Havaland\u0131rma tesisat\u0131 hari\u00e7 makine y\u00fcksekli\u011fi)<\/p>\n<p>A\u011f\u0131rl\u0131k\u00a0 \u00a0 \u00a0 \u00a0 \u00a0 \u00a0 \u00a0 \u00a0 \u00a0 \u00a0 :\u00a01600 Kg<\/p>\n<p>Kapasite\u00a0 \u00a0 \u00a0 \u00a0 \u00a0 \u00a0 \u00a0 \u00a0 \u00a0:\u00a01400 litre\/hafta ( Bu de\u011fer, yakla\u015f\u0131k 500 ki\u015filik yemek \u00e7\u0131kan mutfaklarda yemek \u00f6ncesi organik at\u0131klar\u0131n kar\u0131l\u0131\u011f\u0131d\u0131r. \u00c7\u0131kan at\u0131\u011f\u0131n cinsine ba\u011flu olarak bu de\u011fer de\u011fi\u015fiklik g\u00f6stermektedir. )<\/p>\n<p>G\u00fc\u00e7\u00a0 \u00a0 \u00a0 \u00a0 \u00a0 \u00a0 \u00a0 \u00a0 \u00a0 \u00a0 \u00a0 \u00a0 :\u00a0380V 10A &#8211; 5 KW (Makinada bulunan 4 adet motor i\u00e7in toplam g\u00fc\u00e7)<\/p>\n<p>Malzeme\u00a0 \u00a0 \u00a0 \u00a0 \u00a0 \u00a0 \u00a0 \u00a0 :\u00a0Kompost \u00fcr\u00fcn\u00fc ile temas eden t\u00fcm y\u00fczey, g\u00f6vde ve donan\u0131mlarda %100 Paslanmaz \u00e7elik ve 1. s\u0131n\u0131f Kestamid kullan\u0131lm\u0131\u015ft\u0131r.<\/p>\n<p>TASARIM<\/p>\n<p>Yemek \u00f6ncesi olu\u015fan yemek at\u0131klar\u0131n\u0131n organik komposta d\u00f6n\u00fc\u015fmesini sa\u011flayan makine 4 ana b\u00f6l\u00fcmden ve operasyondan olu\u015fmaktad\u0131r.<\/p>\n<p>1.Par\u00e7alay\u0131c\u0131 \u00dcnite (At\u0131klar\u0131n uygun b\u00fcy\u00fckl\u00fckte par\u00e7alanmas\u0131)<\/p>\n<p>2.Kompostla\u015fma \u00dcnitesi (Kompostla\u015fma s\u00fcreci)<\/p>\n<p>3.Olgunla\u015ft\u0131rma \u00dcnitesi (Olgunla\u015fma s\u00fcreci)<\/p>\n<p>4.Bo\u015faltma<\/p>\n<p>KULLANIM<\/p>\n<p>Makine \u00fczerinde bulunan par\u00e7alama sistemi, t\u00fcm motor-red\u00fckt\u00f6r ve fan sistemi merkezi dokunmatik dijital ekrandan takip ve programlanabilmektedir. Makine 7\/24 \u00e7al\u0131\u015fma esas\u0131na g\u00f6re tasarlanm\u0131\u015f ve \u00fcretilmi\u015ftir.<\/p>\n","protected":false},"excerpt":{"rendered":"<p>700 LT. &#8211; 1400 LT. &#8211; 2800 LT. KOMPOST MAK\u0130NASI<\/p>\n","protected":false},"featured_media":274,"comment_status":"open","ping_status":"closed","template":"","meta":{"content-type":""},"product_cat":[39],"product_tag":[],"class_list":["post-245","product","type-product","status-publish","has-post-thumbnail","hentry","product_cat-kompost-makinesi"],"_links":{"self":[{"href":"http:\/\/www.etametal.com\/eta\/wp-json\/wp\/v2\/product\/245","targetHints":{"allow":["GET"]}}],"collection":[{"href":"http:\/\/www.etametal.com\/eta\/wp-json\/wp\/v2\/product"}],"about":[{"href":"http:\/\/www.etametal.com\/eta\/wp-json\/wp\/v2\/types\/product"}],"replies":[{"embeddable":true,"href":"http:\/\/www.etametal.com\/eta\/wp-json\/wp\/v2\/comments?post=245"}],"wp:featuredmedia":[{"embeddable":true,"href":"http:\/\/www.etametal.com\/eta\/wp-json\/wp\/v2\/media\/274"}],"wp:attachment":[{"href":"http:\/\/www.etametal.com\/eta\/wp-json\/wp\/v2\/media?parent=245"}],"wp:term":[{"taxonomy":"product_cat","embeddable":true,"href":"http:\/\/www.etametal.com\/eta\/wp-json\/wp\/v2\/product_cat?post=245"},{"taxonomy":"product_tag","embeddable":true,"href":"http:\/\/www.etametal.com\/eta\/wp-json\/wp\/v2\/product_tag?post=245"}],"curies":[{"name":"wp","href":"https:\/\/api.w.org\/{rel}","templated":true}]}}