{"id":258,"date":"2022-10-04T13:24:17","date_gmt":"2022-10-04T10:24:17","guid":{"rendered":"http:\/\/www.etametal.com\/eta\/?post_type=product&#038;p=258"},"modified":"2022-10-04T13:24:26","modified_gmt":"2022-10-04T10:24:26","slug":"e809-81-lt-doner-kapakli-ahsap-dekorlu-geri-donusum-seti","status":"publish","type":"product","link":"http:\/\/www.etametal.com\/eta\/product\/e809-81-lt-doner-kapakli-ahsap-dekorlu-geri-donusum-seti\/","title":{"rendered":"E809 81 LT D\u00d6NER KAPAKLI AH\u015eAP DEKORLU GER\u0130 D\u00d6N\u00dc\u015e\u00dcM SET\u0130"},"content":{"rendered":"<p>E809 81 LT D\u00d6NER KAPAKLI AH\u015eAP DEKORLU GER\u0130 D\u00d6N\u00dc\u015e\u00dcM SET\u0130<\/p>\n","protected":false},"excerpt":{"rendered":"<p>E809 81 LT D\u00d6NER KAPAKLI AH\u015eAP DEKORLU GER\u0130 D\u00d6N\u00dc\u015e\u00dcM SET\u0130<\/p>\n","protected":false},"featured_media":287,"comment_status":"open","ping_status":"closed","template":"","meta":{"content-type":""},"product_cat":[33,40,41],"product_tag":[],"class_list":["post-258","product","type-product","status-publish","has-post-thumbnail","hentry","product_cat-geri-donusum-kovalari","product_cat-sifir-atik-dis-mekan","product_cat-sifir-atik-ic-mekan"],"_links":{"self":[{"href":"http:\/\/www.etametal.com\/eta\/wp-json\/wp\/v2\/product\/258","targetHints":{"allow":["GET"]}}],"collection":[{"href":"http:\/\/www.etametal.com\/eta\/wp-json\/wp\/v2\/product"}],"about":[{"href":"http:\/\/www.etametal.com\/eta\/wp-json\/wp\/v2\/types\/product"}],"replies":[{"embeddable":true,"href":"http:\/\/www.etametal.com\/eta\/wp-json\/wp\/v2\/comments?post=258"}],"wp:featuredmedia":[{"embeddable":true,"href":"http:\/\/www.etametal.com\/eta\/wp-json\/wp\/v2\/media\/287"}],"wp:attachment":[{"href":"http:\/\/www.etametal.com\/eta\/wp-json\/wp\/v2\/media?parent=258"}],"wp:term":[{"taxonomy":"product_cat","embeddable":true,"href":"http:\/\/www.etametal.com\/eta\/wp-json\/wp\/v2\/product_cat?post=258"},{"taxonomy":"product_tag","embeddable":true,"href":"http:\/\/www.etametal.com\/eta\/wp-json\/wp\/v2\/product_tag?post=258"}],"curies":[{"name":"wp","href":"https:\/\/api.w.org\/{rel}","templated":true}]}}