{"id":298,"date":"2022-10-04T13:24:29","date_gmt":"2022-10-04T10:24:29","guid":{"rendered":"http:\/\/www.etametal.com\/eta\/?post_type=product&#038;p=298"},"modified":"2022-10-04T13:24:33","modified_gmt":"2022-10-04T10:24:33","slug":"e220-ahsap-cop-kovasi-ic-kovali","status":"publish","type":"product","link":"http:\/\/www.etametal.com\/eta\/product\/e220-ahsap-cop-kovasi-ic-kovali\/","title":{"rendered":"E220 AH\u015eAP \u00c7\u00d6P KOVASI \u0130\u00c7 KOVALI"},"content":{"rendered":"<p>E220 AH\u015eAP \u00c7\u00d6P KOVASI \u0130\u00c7 KOVALI<\/p>\n","protected":false},"excerpt":{"rendered":"<p>E220 AH\u015eAP \u00c7\u00d6P KOVASI \u0130\u00c7 KOVALI<\/p>\n","protected":false},"featured_media":0,"comment_status":"open","ping_status":"closed","template":"","meta":{"content-type":""},"product_cat":[37],"product_tag":[],"class_list":["post-298","product","type-product","status-publish","hentry","product_cat-dis-mekan-cop-kovalari"],"_links":{"self":[{"href":"http:\/\/www.etametal.com\/eta\/wp-json\/wp\/v2\/product\/298","targetHints":{"allow":["GET"]}}],"collection":[{"href":"http:\/\/www.etametal.com\/eta\/wp-json\/wp\/v2\/product"}],"about":[{"href":"http:\/\/www.etametal.com\/eta\/wp-json\/wp\/v2\/types\/product"}],"replies":[{"embeddable":true,"href":"http:\/\/www.etametal.com\/eta\/wp-json\/wp\/v2\/comments?post=298"}],"wp:attachment":[{"href":"http:\/\/www.etametal.com\/eta\/wp-json\/wp\/v2\/media?parent=298"}],"wp:term":[{"taxonomy":"product_cat","embeddable":true,"href":"http:\/\/www.etametal.com\/eta\/wp-json\/wp\/v2\/product_cat?post=298"},{"taxonomy":"product_tag","embeddable":true,"href":"http:\/\/www.etametal.com\/eta\/wp-json\/wp\/v2\/product_tag?post=298"}],"curies":[{"name":"wp","href":"https:\/\/api.w.org\/{rel}","templated":true}]}}