{"id":305,"date":"2022-10-04T13:24:29","date_gmt":"2022-10-04T10:24:29","guid":{"rendered":"http:\/\/www.etametal.com\/eta\/?post_type=product&#038;p=305"},"modified":"2022-10-04T13:24:35","modified_gmt":"2022-10-04T10:24:35","slug":"e172-40-lt-outdoor-cop-kovasi-ic-kovali-kulluklu","status":"publish","type":"product","link":"http:\/\/www.etametal.com\/eta\/product\/e172-40-lt-outdoor-cop-kovasi-ic-kovali-kulluklu\/","title":{"rendered":"E172 40 LT OUTDOOR \u00c7\u00d6P KOVASI \u0130\u00c7 KOVALI K\u00dcLL\u00dcKL\u00dc"},"content":{"rendered":"<p>E172 40 LT OUTDOOR \u00c7\u00d6P KOVASI \u0130\u00c7 KOVALI K\u00dcLL\u00dcKL\u00dc<\/p>\n","protected":false},"excerpt":{"rendered":"<p>E172 40 LT OUTDOOR \u00c7\u00d6P KOVASI \u0130\u00c7 KOVALI K\u00dcLL\u00dcKL\u00dc<\/p>\n","protected":false},"featured_media":329,"comment_status":"open","ping_status":"closed","template":"","meta":{"content-type":""},"product_cat":[37],"product_tag":[],"class_list":["post-305","product","type-product","status-publish","has-post-thumbnail","hentry","product_cat-dis-mekan-cop-kovalari"],"_links":{"self":[{"href":"http:\/\/www.etametal.com\/eta\/wp-json\/wp\/v2\/product\/305","targetHints":{"allow":["GET"]}}],"collection":[{"href":"http:\/\/www.etametal.com\/eta\/wp-json\/wp\/v2\/product"}],"about":[{"href":"http:\/\/www.etametal.com\/eta\/wp-json\/wp\/v2\/types\/product"}],"replies":[{"embeddable":true,"href":"http:\/\/www.etametal.com\/eta\/wp-json\/wp\/v2\/comments?post=305"}],"wp:featuredmedia":[{"embeddable":true,"href":"http:\/\/www.etametal.com\/eta\/wp-json\/wp\/v2\/media\/329"}],"wp:attachment":[{"href":"http:\/\/www.etametal.com\/eta\/wp-json\/wp\/v2\/media?parent=305"}],"wp:term":[{"taxonomy":"product_cat","embeddable":true,"href":"http:\/\/www.etametal.com\/eta\/wp-json\/wp\/v2\/product_cat?post=305"},{"taxonomy":"product_tag","embeddable":true,"href":"http:\/\/www.etametal.com\/eta\/wp-json\/wp\/v2\/product_tag?post=305"}],"curies":[{"name":"wp","href":"https:\/\/api.w.org\/{rel}","templated":true}]}}