{"id":347,"date":"2022-10-04T13:24:39","date_gmt":"2022-10-04T10:24:39","guid":{"rendered":"http:\/\/www.etametal.com\/eta\/?post_type=product&#038;p=347"},"modified":"2022-10-04T13:24:43","modified_gmt":"2022-10-04T10:24:43","slug":"e105-bahce-tip-boyali-cop-kovasi-kare-tabanli","status":"publish","type":"product","link":"http:\/\/www.etametal.com\/eta\/product\/e105-bahce-tip-boyali-cop-kovasi-kare-tabanli\/","title":{"rendered":"E105 BAH\u00c7E T\u0130P BOYALI \u00c7\u00d6P KOVASI KARE TABANLI"},"content":{"rendered":"<p>E105 BAH\u00c7E T\u0130P BOYALI \u00c7\u00d6P KOVASI KARE TABANLI<\/p>\n","protected":false},"excerpt":{"rendered":"<p>E105 BAH\u00c7E T\u0130P BOYALI \u00c7\u00d6P KOVASI KARE TABANLI<\/p>\n","protected":false},"featured_media":377,"comment_status":"open","ping_status":"closed","template":"","meta":{"content-type":""},"product_cat":[37],"product_tag":[],"class_list":["post-347","product","type-product","status-publish","has-post-thumbnail","hentry","product_cat-dis-mekan-cop-kovalari"],"_links":{"self":[{"href":"http:\/\/www.etametal.com\/eta\/wp-json\/wp\/v2\/product\/347","targetHints":{"allow":["GET"]}}],"collection":[{"href":"http:\/\/www.etametal.com\/eta\/wp-json\/wp\/v2\/product"}],"about":[{"href":"http:\/\/www.etametal.com\/eta\/wp-json\/wp\/v2\/types\/product"}],"replies":[{"embeddable":true,"href":"http:\/\/www.etametal.com\/eta\/wp-json\/wp\/v2\/comments?post=347"}],"wp:featuredmedia":[{"embeddable":true,"href":"http:\/\/www.etametal.com\/eta\/wp-json\/wp\/v2\/media\/377"}],"wp:attachment":[{"href":"http:\/\/www.etametal.com\/eta\/wp-json\/wp\/v2\/media?parent=347"}],"wp:term":[{"taxonomy":"product_cat","embeddable":true,"href":"http:\/\/www.etametal.com\/eta\/wp-json\/wp\/v2\/product_cat?post=347"},{"taxonomy":"product_tag","embeddable":true,"href":"http:\/\/www.etametal.com\/eta\/wp-json\/wp\/v2\/product_tag?post=347"}],"curies":[{"name":"wp","href":"https:\/\/api.w.org\/{rel}","templated":true}]}}