{"id":364,"date":"2022-10-04T13:24:41","date_gmt":"2022-10-04T10:24:41","guid":{"rendered":"http:\/\/www.etametal.com\/eta\/?post_type=product&#038;p=364"},"modified":"2022-10-04T13:24:49","modified_gmt":"2022-10-04T10:24:49","slug":"b-604-vip-kulluk-boyali-kucuk","status":"publish","type":"product","link":"http:\/\/www.etametal.com\/eta\/product\/b-604-vip-kulluk-boyali-kucuk\/","title":{"rendered":"(B 604) Vip K\u00fcll\u00fck Boyal\u0131 K\u00fc\u00e7\u00fck"},"content":{"rendered":"<p><strong>\u00dcr\u00fcn \u00d6l\u00e7\u00fcleri:<\/strong><\/p>\n<p>\u00c7ap:             18 cm<\/p>\n<p>Y\u00fckseklik:  60 cm<\/p>\n","protected":false},"excerpt":{"rendered":"<p>(B 604) Vip K\u00fcll\u00fck Boyal\u0131 K\u00fc\u00e7\u00fck<\/p>\n","protected":false},"featured_media":394,"comment_status":"open","ping_status":"closed","template":"","meta":{"content-type":""},"product_cat":[35],"product_tag":[],"class_list":["post-364","product","type-product","status-publish","has-post-thumbnail","hentry","product_cat-metal-kullukler"],"_links":{"self":[{"href":"http:\/\/www.etametal.com\/eta\/wp-json\/wp\/v2\/product\/364","targetHints":{"allow":["GET"]}}],"collection":[{"href":"http:\/\/www.etametal.com\/eta\/wp-json\/wp\/v2\/product"}],"about":[{"href":"http:\/\/www.etametal.com\/eta\/wp-json\/wp\/v2\/types\/product"}],"replies":[{"embeddable":true,"href":"http:\/\/www.etametal.com\/eta\/wp-json\/wp\/v2\/comments?post=364"}],"wp:featuredmedia":[{"embeddable":true,"href":"http:\/\/www.etametal.com\/eta\/wp-json\/wp\/v2\/media\/394"}],"wp:attachment":[{"href":"http:\/\/www.etametal.com\/eta\/wp-json\/wp\/v2\/media?parent=364"}],"wp:term":[{"taxonomy":"product_cat","embeddable":true,"href":"http:\/\/www.etametal.com\/eta\/wp-json\/wp\/v2\/product_cat?post=364"},{"taxonomy":"product_tag","embeddable":true,"href":"http:\/\/www.etametal.com\/eta\/wp-json\/wp\/v2\/product_tag?post=364"}],"curies":[{"name":"wp","href":"https:\/\/api.w.org\/{rel}","templated":true}]}}