{"id":370,"date":"2022-10-04T13:24:41","date_gmt":"2022-10-04T10:24:41","guid":{"rendered":"http:\/\/www.etametal.com\/eta\/?post_type=product&#038;p=370"},"modified":"2022-10-04T13:24:50","modified_gmt":"2022-10-04T10:24:50","slug":"1100-litre-ic-ice-gecmeli-cop-konteyneri","status":"publish","type":"product","link":"http:\/\/www.etametal.com\/eta\/product\/1100-litre-ic-ice-gecmeli-cop-konteyneri\/","title":{"rendered":"1100 Litre \u0130\u00e7 \u0130\u00e7e Ge\u00e7meli \u00c7\u00f6p Konteyneri"},"content":{"rendered":"<p><img loading=\"lazy\" decoding=\"async\" class=\"alignnone wp-image-4241 size-full\" src=\"http:\/\/www.etacopkonteyner.com\/wp-content\/uploads\/2018\/11\/My-Post-17.jpg\" alt=\"\" width=\"2160\" height=\"1080\" \/><\/p>\n","protected":false},"excerpt":{"rendered":"<p>1100 Litre \u0130\u00e7 \u0130\u00e7e Ge\u00e7meli \u00c7\u00f6p Konteyneri<\/p>\n","protected":false},"featured_media":400,"comment_status":"open","ping_status":"closed","template":"","meta":{"content-type":""},"product_cat":[36],"product_tag":[],"class_list":["post-370","product","type-product","status-publish","has-post-thumbnail","hentry","product_cat-galvaniz-cop-konteyneri"],"_links":{"self":[{"href":"http:\/\/www.etametal.com\/eta\/wp-json\/wp\/v2\/product\/370","targetHints":{"allow":["GET"]}}],"collection":[{"href":"http:\/\/www.etametal.com\/eta\/wp-json\/wp\/v2\/product"}],"about":[{"href":"http:\/\/www.etametal.com\/eta\/wp-json\/wp\/v2\/types\/product"}],"replies":[{"embeddable":true,"href":"http:\/\/www.etametal.com\/eta\/wp-json\/wp\/v2\/comments?post=370"}],"wp:featuredmedia":[{"embeddable":true,"href":"http:\/\/www.etametal.com\/eta\/wp-json\/wp\/v2\/media\/400"}],"wp:attachment":[{"href":"http:\/\/www.etametal.com\/eta\/wp-json\/wp\/v2\/media?parent=370"}],"wp:term":[{"taxonomy":"product_cat","embeddable":true,"href":"http:\/\/www.etametal.com\/eta\/wp-json\/wp\/v2\/product_cat?post=370"},{"taxonomy":"product_tag","embeddable":true,"href":"http:\/\/www.etametal.com\/eta\/wp-json\/wp\/v2\/product_tag?post=370"}],"curies":[{"name":"wp","href":"https:\/\/api.w.org\/{rel}","templated":true}]}}